{"id":49,"date":"2019-06-21T08:39:30","date_gmt":"2019-06-21T08:39:30","guid":{"rendered":"http:\/\/awida.ch\/wordpress\/?page_id=49"},"modified":"2023-08-30T08:35:49","modified_gmt":"2023-08-30T08:35:49","slug":"craniosakraltherapie","status":"publish","type":"page","link":"https:\/\/www.awida.ch\/index.php\/craniosakraltherapie\/","title":{"rendered":"Craniosakraltherapie"},"content":{"rendered":"\t\t<div data-elementor-type=\"wp-post\" data-elementor-id=\"49\" class=\"elementor elementor-49\">\n\t\t\t\t\t\t<div class=\"elementor-inner\">\n\t\t\t\t<div class=\"elementor-section-wrap\">\n\t\t\t\t\t\t\t\t\t<section class=\"elementor-section elementor-top-section elementor-element elementor-element-1a1cc438 elementor-section-boxed elementor-section-height-default elementor-section-height-default\" data-id=\"1a1cc438\" data-element_type=\"section\">\n\t\t\t\t\t\t<div class=\"elementor-container elementor-column-gap-default\">\n\t\t\t\t\t\t\t<div class=\"elementor-row\">\n\t\t\t\t\t<div class=\"elementor-column elementor-col-100 elementor-top-column elementor-element elementor-element-1b037813\" data-id=\"1b037813\" data-element_type=\"column\">\n\t\t\t<div class=\"elementor-column-wrap elementor-element-populated\">\n\t\t\t\t\t\t\t<div class=\"elementor-widget-wrap\">\n\t\t\t\t\t\t<div class=\"elementor-element elementor-element-c7f3878 elementor-widget elementor-widget-heading\" data-id=\"c7f3878\" data-element_type=\"widget\" data-widget_type=\"heading.default\">\n\t\t\t\t<div class=\"elementor-widget-container\">\n\t\t\t<h2 class=\"elementor-heading-title elementor-size-default\">CRANIOSACRALTHERAPIE<\/h2>\t\t<\/div>\n\t\t\t\t<\/div>\n\t\t\t\t<div class=\"elementor-element elementor-element-20c0720 elementor-widget elementor-widget-spacer\" data-id=\"20c0720\" data-element_type=\"widget\" data-widget_type=\"spacer.default\">\n\t\t\t\t<div class=\"elementor-widget-container\">\n\t\t\t\t\t<div class=\"elementor-spacer\">\n\t\t\t<div class=\"elementor-spacer-inner\"><\/div>\n\t\t<\/div>\n\t\t\t\t<\/div>\n\t\t\t\t<\/div>\n\t\t\t\t<div class=\"elementor-element elementor-element-deaf2a8 elementor-widget elementor-widget-image\" data-id=\"deaf2a8\" data-element_type=\"widget\" data-widget_type=\"image.default\">\n\t\t\t\t<div class=\"elementor-widget-container\">\n\t\t\t\t\t\t\t\t<div class=\"elementor-image\">\n\t\t\t\t\t\t\t\t\t\t\t\t<img decoding=\"async\" src=\"https:\/\/www.awida.ch\/wp-content\/uploads\/elementor\/thumbs\/Cranio01v-obbrsngewqo5gqwznstu7mqd26zzb5bqu66vmkvj3i.jpg\" title=\"Craniosakraltherapie\" alt=\"Craniosakraltherapie\" \/>\t\t\t\t\t\t\t\t\t\t\t\t\t\t<\/div>\n\t\t\t\t\t\t<\/div>\n\t\t\t\t<\/div>\n\t\t\t\t<div class=\"elementor-element elementor-element-15d48d1 elementor-widget elementor-widget-text-editor\" data-id=\"15d48d1\" data-element_type=\"widget\" data-widget_type=\"text-editor.default\">\n\t\t\t\t<div class=\"elementor-widget-container\">\n\t\t\t\t\t\t\t\t<div class=\"elementor-text-editor elementor-clearfix\">\n\t\t\t\t<p style=\"text-align: center;\">Als Komplement\u00e4r- und Craniosacraltherapeutin ist es mir ein pers\u00f6nliches Anliegen, Sie auf Ihrem ganz individuellen Weg zu begleiten und zu unterst\u00fctzen. Im Vordergrund dieser ganzheitlichen K\u00f6rpertherapie steht das Behandeln des K\u00f6rpers. Das Nervensystem und dessen Entspannung sind grundlegende Ziele, die Therapie basiert auf der Unterst\u00fctzung zur Selbstregulation des Menschen. Der Sch\u00e4del (Cranium) und das Kreuzbein (Sacrum) sind anatomisch \u00fcber die Gehirn- und R\u00fcckenmarksh\u00e4ute miteinander verbunden und bilden eine Einheit, in der die R\u00fcckenmarksfl\u00fcssigkeit rhythmisch pulsiert. Diese Bewegung \u00fcbertr\u00e4gt sich sanft auf den gesamten K\u00f6rper und kann durch Ber\u00fchrung wahrgenommen und unterst\u00fctzt werden. Der Craniosacrale Rhythmus\u00a0 f\u00fchrt uns zu Verspannungen und Blockaden im gesamten K\u00f6rper, welche mittels Kontakt und feinen Impulsen behandelt und gel\u00f6st werden k\u00f6nnen. Dieses Loslassen erm\u00f6glicht eine nachhaltige Regeneration von innen heraus und unterst\u00fctzt die Gesundheit im Menschen. Die Therapie wird meist im Liegen durchgef\u00fchrt und kann in Ruhe oder mit begleitenden und unterst\u00fctzenden Gespr\u00e4chen stattfinden.<\/p>\t\t\t\t\t<\/div>\n\t\t\t\t\t\t<\/div>\n\t\t\t\t<\/div>\n\t\t\t\t<div class=\"elementor-element elementor-element-c017208 elementor-widget-divider--view-line elementor-widget elementor-widget-divider\" data-id=\"c017208\" data-element_type=\"widget\" data-widget_type=\"divider.default\">\n\t\t\t\t<div class=\"elementor-widget-container\">\n\t\t\t\t\t<div class=\"elementor-divider\">\n\t\t\t<span class=\"elementor-divider-separator\">\n\t\t\t\t\t\t<\/span>\n\t\t<\/div>\n\t\t\t\t<\/div>\n\t\t\t\t<\/div>\n\t\t\t\t<div class=\"elementor-element elementor-element-3e4e1f3 elementor-widget elementor-widget-heading\" data-id=\"3e4e1f3\" data-element_type=\"widget\" data-widget_type=\"heading.default\">\n\t\t\t\t<div class=\"elementor-widget-container\">\n\t\t\t<h2 class=\"elementor-heading-title elementor-size-default\">INDIKATIONEN<\/h2>\t\t<\/div>\n\t\t\t\t<\/div>\n\t\t\t\t<div class=\"elementor-element elementor-element-2c7737a elementor-icon-list--layout-traditional elementor-list-item-link-full_width elementor-widget elementor-widget-icon-list\" data-id=\"2c7737a\" data-element_type=\"widget\" data-widget_type=\"icon-list.default\">\n\t\t\t\t<div class=\"elementor-widget-container\">\n\t\t\t\t\t<ul class=\"elementor-icon-list-items\">\n\t\t\t\t\t\t\t<li class=\"elementor-icon-list-item\">\n\t\t\t\t\t\t\t\t\t\t\t<span class=\"elementor-icon-list-icon\">\n\t\t\t\t\t\t\t\t\t\t\t\t\t\t\t\t<i class=\"fa fa-check\" aria-hidden=\"true\"><\/i>\n\t\t\t\t\t\t\t\t\t\t\t\t\t<\/span>\n\t\t\t\t\t\t\t\t\t\t<span class=\"elementor-icon-list-text\">Probleme des Bewegungsapparates  nach Krankheit, Unfall, Schleuder-, Sturz- oder Stauchtrauma<\/span>\n\t\t\t\t\t\t\t\t\t<\/li>\n\t\t\t\t\t\t\t\t<li class=\"elementor-icon-list-item\">\n\t\t\t\t\t\t\t\t\t\t\t<span class=\"elementor-icon-list-icon\">\n\t\t\t\t\t\t\t\t\t\t\t\t\t\t\t\t<i class=\"fa fa-check\" aria-hidden=\"true\"><\/i>\n\t\t\t\t\t\t\t\t\t\t\t\t\t<\/span>\n\t\t\t\t\t\t\t\t\t\t<span class=\"elementor-icon-list-text\">Akute oder chronische Schmerzen bei Wirbels\u00e4ulen-, Muskel- und Gelenkserkrankungen wie Bandscheibenvorf\u00e4lle, R\u00fcckenschmerzen oder Kopfschmerzen<\/span>\n\t\t\t\t\t\t\t\t\t<\/li>\n\t\t\t\t\t\t\t\t<li class=\"elementor-icon-list-item\">\n\t\t\t\t\t\t\t\t\t\t\t<span class=\"elementor-icon-list-icon\">\n\t\t\t\t\t\t\t\t\t\t\t\t\t\t\t\t<i class=\"fa fa-check\" aria-hidden=\"true\"><\/i>\n\t\t\t\t\t\t\t\t\t\t\t\t\t<\/span>\n\t\t\t\t\t\t\t\t\t\t<span class=\"elementor-icon-list-text\">Probleme, Krankheiten oder St\u00f6rungen des vegetativen und zentralen Nervensystems wie Migr\u00e4ne oder MS<\/span>\n\t\t\t\t\t\t\t\t\t<\/li>\n\t\t\t\t\t\t\t\t<li class=\"elementor-icon-list-item\">\n\t\t\t\t\t\t\t\t\t\t\t<span class=\"elementor-icon-list-icon\">\n\t\t\t\t\t\t\t\t\t\t\t\t\t\t\t\t<i class=\"fa fa-check\" aria-hidden=\"true\"><\/i>\n\t\t\t\t\t\t\t\t\t\t\t\t\t<\/span>\n\t\t\t\t\t\t\t\t\t\t<span class=\"elementor-icon-list-text\">St\u00f6rungen des Lymphsystems, des Hormonsystems oder des Immunsystems, bei Inkontinenz oder Verdauungsbeschwerden<\/span>\n\t\t\t\t\t\t\t\t\t<\/li>\n\t\t\t\t\t\t\t\t<li class=\"elementor-icon-list-item\">\n\t\t\t\t\t\t\t\t\t\t\t<span class=\"elementor-icon-list-icon\">\n\t\t\t\t\t\t\t\t\t\t\t\t\t\t\t\t<i class=\"fa fa-check\" aria-hidden=\"true\"><\/i>\n\t\t\t\t\t\t\t\t\t\t\t\t\t<\/span>\n\t\t\t\t\t\t\t\t\t\t<span class=\"elementor-icon-list-text\">Menstruationsbeschwerden, Schwangerschafts- und Geburtsbegleitung<\/span>\n\t\t\t\t\t\t\t\t\t<\/li>\n\t\t\t\t\t\t\t\t<li class=\"elementor-icon-list-item\">\n\t\t\t\t\t\t\t\t\t\t\t<span class=\"elementor-icon-list-icon\">\n\t\t\t\t\t\t\t\t\t\t\t\t\t\t\t\t<i class=\"fa fa-check\" aria-hidden=\"true\"><\/i>\n\t\t\t\t\t\t\t\t\t\t\t\t\t<\/span>\n\t\t\t\t\t\t\t\t\t\t<span class=\"elementor-icon-list-text\">Allgemeine Unterst\u00fctzung in belastenden Lebenssituationen oder zur Unterst\u00fctzung nach operativen Eingriffen<\/span>\n\t\t\t\t\t\t\t\t\t<\/li>\n\t\t\t\t\t\t\t\t<li class=\"elementor-icon-list-item\">\n\t\t\t\t\t\t\t\t\t\t\t<span class=\"elementor-icon-list-icon\">\n\t\t\t\t\t\t\t\t\t\t\t\t\t\t\t\t<i class=\"fa fa-check\" aria-hidden=\"true\"><\/i>\n\t\t\t\t\t\t\t\t\t\t\t\t\t<\/span>\n\t\t\t\t\t\t\t\t\t\t<span class=\"elementor-icon-list-text\">Stressbedingte Beschwerden wie Schlafprobleme, Ersch\u00f6pfungszust\u00e4nde, Burnout-Symptome, Depressionen<\/span>\n\t\t\t\t\t\t\t\t\t<\/li>\n\t\t\t\t\t\t\t\t<li class=\"elementor-icon-list-item\">\n\t\t\t\t\t\t\t\t\t\t\t<span class=\"elementor-icon-list-icon\">\n\t\t\t\t\t\t\t\t\t\t\t\t\t\t\t\t<i class=\"fa fa-check\" aria-hidden=\"true\"><\/i>\n\t\t\t\t\t\t\t\t\t\t\t\t\t<\/span>\n\t\t\t\t\t\t\t\t\t\t<span class=\"elementor-icon-list-text\">Unterst\u00fctzung bei Post-COVID-Syndrom<\/span>\n\t\t\t\t\t\t\t\t\t<\/li>\n\t\t\t\t\t\t<\/ul>\n\t\t\t\t<\/div>\n\t\t\t\t<\/div>\n\t\t\t\t\t\t<\/div>\n\t\t\t\t\t<\/div>\n\t\t<\/div>\n\t\t\t\t\t\t\t\t<\/div>\n\t\t\t\t\t<\/div>\n\t\t<\/section>\n\t\t\t\t\t\t\t\t\t<\/div>\n\t\t\t<\/div>\n\t\t\t\t\t<\/div>\n\t\t","protected":false},"excerpt":{"rendered":"<p>CRANIOSACRALTHERAPIE Als Komplement\u00e4r- und Craniosacraltherapeutin ist es mir ein pers\u00f6nliches Anliegen, Sie auf Ihrem ganz individuellen Weg zu begleiten und zu unterst\u00fctzen. Im Vordergrund dieser ganzheitlichen K\u00f6rpertherapie steht das Behandeln des K\u00f6rpers. Das Nervensystem und dessen Entspannung sind grundlegende Ziele, die Therapie basiert auf der Unterst\u00fctzung zur Selbstregulation des Menschen. Der Sch\u00e4del (Cranium) und das &hellip;<\/p>\n","protected":false},"author":1,"featured_media":0,"parent":0,"menu_order":3,"comment_status":"closed","ping_status":"closed","template":"","meta":{"_exactmetrics_skip_tracking":false,"_exactmetrics_sitenote_active":false,"_exactmetrics_sitenote_note":"","_exactmetrics_sitenote_category":0,"footnotes":""},"class_list":["post-49","page","type-page","status-publish","hentry","post","without-featured-image"],"_links":{"self":[{"href":"https:\/\/www.awida.ch\/index.php\/wp-json\/wp\/v2\/pages\/49","targetHints":{"allow":["GET"]}}],"collection":[{"href":"https:\/\/www.awida.ch\/index.php\/wp-json\/wp\/v2\/pages"}],"about":[{"href":"https:\/\/www.awida.ch\/index.php\/wp-json\/wp\/v2\/types\/page"}],"author":[{"embeddable":true,"href":"https:\/\/www.awida.ch\/index.php\/wp-json\/wp\/v2\/users\/1"}],"replies":[{"embeddable":true,"href":"https:\/\/www.awida.ch\/index.php\/wp-json\/wp\/v2\/comments?post=49"}],"version-history":[{"count":32,"href":"https:\/\/www.awida.ch\/index.php\/wp-json\/wp\/v2\/pages\/49\/revisions"}],"predecessor-version":[{"id":804,"href":"https:\/\/www.awida.ch\/index.php\/wp-json\/wp\/v2\/pages\/49\/revisions\/804"}],"wp:attachment":[{"href":"https:\/\/www.awida.ch\/index.php\/wp-json\/wp\/v2\/media?parent=49"}],"curies":[{"name":"wp","href":"https:\/\/api.w.org\/{rel}","templated":true}]}}

<div data-elementor-type="wp-post" data-elementor-id="49" class="elementor elementor-49">
						<div class="elementor-inner">
				<div class="elementor-section-wrap">
									<section class="elementor-section elementor-top-section elementor-element elementor-element-1a1cc438 elementor-section-boxed elementor-section-height-default elementor-section-height-default" data-id="1a1cc438" data-element_type="section">
						<div class="elementor-container elementor-column-gap-default">
							<div class="elementor-row">
					<div class="elementor-column elementor-col-100 elementor-top-column elementor-element elementor-element-1b037813" data-id="1b037813" data-element_type="column">
			<div class="elementor-column-wrap elementor-element-populated">
							<div class="elementor-widget-wrap">
						<div class="elementor-element elementor-element-c7f3878 elementor-widget elementor-widget-heading" data-id="c7f3878" data-element_type="widget" data-widget_type="heading.default">
				<div class="elementor-widget-container">
			<h2 class="elementor-heading-title elementor-size-default">CRANIOSACRALTHERAPIE</h2>		</div>
				</div>
				<div class="elementor-element elementor-element-20c0720 elementor-widget elementor-widget-spacer" data-id="20c0720" data-element_type="widget" data-widget_type="spacer.default">
				<div class="elementor-widget-container">
					<div class="elementor-spacer">
			<div class="elementor-spacer-inner"></div>
		</div>
				</div>
				</div>
				<div class="elementor-element elementor-element-deaf2a8 elementor-widget elementor-widget-image" data-id="deaf2a8" data-element_type="widget" data-widget_type="image.default">
				<div class="elementor-widget-container">
								<div class="elementor-image">
												<img decoding="async" src="https://www.awida.ch/wp-content/uploads/elementor/thumbs/Cranio01v-obbrsngewqo5gqwznstu7mqd26zzb5bqu66vmkvj3i.jpg" title="Craniosakraltherapie" alt="Craniosakraltherapie" />														</div>
						</div>
				</div>
				<div class="elementor-element elementor-element-15d48d1 elementor-widget elementor-widget-text-editor" data-id="15d48d1" data-element_type="widget" data-widget_type="text-editor.default">
				<div class="elementor-widget-container">
								<div class="elementor-text-editor elementor-clearfix">
				<p style="text-align: center;">Als Komplementär- und Craniosacraltherapeutin ist es mir ein persönliches Anliegen, Sie auf Ihrem ganz individuellen Weg zu begleiten und zu unterstützen. Im Vordergrund dieser ganzheitlichen Körpertherapie steht das Behandeln des Körpers. Das Nervensystem und dessen Entspannung sind grundlegende Ziele, die Therapie basiert auf der Unterstützung zur Selbstregulation des Menschen. Der Schädel (Cranium) und das Kreuzbein (Sacrum) sind anatomisch über die Gehirn- und Rückenmarkshäute miteinander verbunden und bilden eine Einheit, in der die Rückenmarksflüssigkeit rhythmisch pulsiert. Diese Bewegung überträgt sich sanft auf den gesamten Körper und kann durch Berührung wahrgenommen und unterstützt werden. Der Craniosacrale Rhythmus  führt uns zu Verspannungen und Blockaden im gesamten Körper, welche mittels Kontakt und feinen Impulsen behandelt und gelöst werden können. Dieses Loslassen ermöglicht eine nachhaltige Regeneration von innen heraus und unterstützt die Gesundheit im Menschen. Die Therapie wird meist im Liegen durchgeführt und kann in Ruhe oder mit begleitenden und unterstützenden Gesprächen stattfinden.</p>					</div>
						</div>
				</div>
				<div class="elementor-element elementor-element-c017208 elementor-widget-divider--view-line elementor-widget elementor-widget-divider" data-id="c017208" data-element_type="widget" data-widget_type="divider.default">
				<div class="elementor-widget-container">
					<div class="elementor-divider">
			<span class="elementor-divider-separator">
						</span>
		</div>
				</div>
				</div>
				<div class="elementor-element elementor-element-3e4e1f3 elementor-widget elementor-widget-heading" data-id="3e4e1f3" data-element_type="widget" data-widget_type="heading.default">
				<div class="elementor-widget-container">
			<h2 class="elementor-heading-title elementor-size-default">INDIKATIONEN</h2>		</div>
				</div>
				<div class="elementor-element elementor-element-2c7737a elementor-icon-list--layout-traditional elementor-list-item-link-full_width elementor-widget elementor-widget-icon-list" data-id="2c7737a" data-element_type="widget" data-widget_type="icon-list.default">
				<div class="elementor-widget-container">
					<ul class="elementor-icon-list-items">
							<li class="elementor-icon-list-item">
											<span class="elementor-icon-list-icon">
																<i class="fa fa-check" aria-hidden="true"></i>
													</span>
										<span class="elementor-icon-list-text">Probleme des Bewegungsapparates  nach Krankheit, Unfall, Schleuder-, Sturz- oder Stauchtrauma</span>
									</li>
								<li class="elementor-icon-list-item">
											<span class="elementor-icon-list-icon">
																<i class="fa fa-check" aria-hidden="true"></i>
													</span>
										<span class="elementor-icon-list-text">Akute oder chronische Schmerzen bei Wirbelsäulen-, Muskel- und Gelenkserkrankungen wie Bandscheibenvorfälle, Rückenschmerzen oder Kopfschmerzen</span>
									</li>
								<li class="elementor-icon-list-item">
											<span class="elementor-icon-list-icon">
																<i class="fa fa-check" aria-hidden="true"></i>
													</span>
										<span class="elementor-icon-list-text">Probleme, Krankheiten oder Störungen des vegetativen und zentralen Nervensystems wie Migräne oder MS</span>
									</li>
								<li class="elementor-icon-list-item">
											<span class="elementor-icon-list-icon">
																<i class="fa fa-check" aria-hidden="true"></i>
													</span>
										<span class="elementor-icon-list-text">Störungen des Lymphsystems, des Hormonsystems oder des Immunsystems, bei Inkontinenz oder Verdauungsbeschwerden</span>
									</li>
								<li class="elementor-icon-list-item">
											<span class="elementor-icon-list-icon">
																<i class="fa fa-check" aria-hidden="true"></i>
													</span>
										<span class="elementor-icon-list-text">Menstruationsbeschwerden, Schwangerschafts- und Geburtsbegleitung</span>
									</li>
								<li class="elementor-icon-list-item">
											<span class="elementor-icon-list-icon">
																<i class="fa fa-check" aria-hidden="true"></i>
													</span>
										<span class="elementor-icon-list-text">Allgemeine Unterstützung in belastenden Lebenssituationen oder zur Unterstützung nach operativen Eingriffen</span>
									</li>
								<li class="elementor-icon-list-item">
											<span class="elementor-icon-list-icon">
																<i class="fa fa-check" aria-hidden="true"></i>
													</span>
										<span class="elementor-icon-list-text">Stressbedingte Beschwerden wie Schlafprobleme, Erschöpfungszustände, Burnout-Symptome, Depressionen</span>
									</li>
								<li class="elementor-icon-list-item">
											<span class="elementor-icon-list-icon">
																<i class="fa fa-check" aria-hidden="true"></i>
													</span>
										<span class="elementor-icon-list-text">Unterstützung bei Post-COVID-Syndrom</span>
									</li>
						</ul>
				</div>
				</div>
						</div>
					</div>
		</div>
								</div>
					</div>
		</section>
									</div>
			</div>
					</div>

<p>CRANIOSACRALTHERAPIE Als Komplementär- und Craniosacraltherapeutin ist es mir ein persönliches Anliegen, Sie auf Ihrem ganz individuellen Weg zu begleiten und zu unterstützen. Im Vordergrund dieser ganzheitlichen Körpertherapie steht das Behandeln des Körpers. Das Nervensystem und dessen Entspannung sind grundlegende Ziele, die Therapie basiert auf der Unterstützung zur Selbstregulation des Menschen. Der Schädel (Cranium) und das &hellip;</p>
