{"id":18,"date":"2019-06-21T07:34:09","date_gmt":"2019-06-21T07:34:09","guid":{"rendered":"http:\/\/awida.ch\/wordpress\/?page_id=18"},"modified":"2025-05-06T19:02:24","modified_gmt":"2025-05-06T19:02:24","slug":"willkommen","status":"publish","type":"page","link":"https:\/\/www.awida.ch\/","title":{"rendered":"Willkommen"},"content":{"rendered":"\t\t<div data-elementor-type=\"wp-post\" data-elementor-id=\"18\" class=\"elementor elementor-18\">\n\t\t\t\t\t\t<div class=\"elementor-inner\">\n\t\t\t\t<div class=\"elementor-section-wrap\">\n\t\t\t\t\t\t\t\t\t<section class=\"elementor-section elementor-top-section elementor-element elementor-element-2bc0bb8a elementor-section-boxed elementor-section-height-default elementor-section-height-default\" data-id=\"2bc0bb8a\" data-element_type=\"section\">\n\t\t\t\t\t\t<div class=\"elementor-container elementor-column-gap-default\">\n\t\t\t\t\t\t\t<div class=\"elementor-row\">\n\t\t\t\t\t<div class=\"elementor-column elementor-col-100 elementor-top-column elementor-element elementor-element-71e42c3d\" data-id=\"71e42c3d\" data-element_type=\"column\">\n\t\t\t<div class=\"elementor-column-wrap elementor-element-populated\">\n\t\t\t\t\t\t\t<div class=\"elementor-widget-wrap\">\n\t\t\t\t\t\t<div class=\"elementor-element elementor-element-1bf47d3d elementor-widget elementor-widget-text-editor\" data-id=\"1bf47d3d\" data-element_type=\"widget\" data-widget_type=\"text-editor.default\">\n\t\t\t\t<div class=\"elementor-widget-container\">\n\t\t\t\t\t\t\t\t<div class=\"elementor-text-editor elementor-clearfix\">\n\t\t\t\t<div style=\"text-align: center;\"><h2 class=\"hero-large-text\" style=\"text-align: center;\">WILLKOMMEN<\/h2><div><div><\/div><\/div><\/div><p style=\"text-align: center;\"><strong>Herzlich Willkommen auf der Homepage von Awida, Praxis f\u00fcr Physio- und Craniosakraltherapie<\/strong><\/p><p style=\"text-align: center;\">Wir begr\u00fcssen Sie gerne in unseren hellen und grossz\u00fcgigen Praxisr\u00e4umen. Die Praxis befindet sich im Erdgeschoss und ist rollstuhlg\u00e4ngig. Nach Absprache und auf \u00e4rztliche Verordnung bieten wir auch Domizil-Behandlungen an (Therapie und Beratung bei Ihnen zu Hause).<\/p><div><p style=\"text-align: center;\" align=\"justify\"><strong>Wir freuen uns auf Sie!<\/strong><\/p><\/div>\t\t\t\t\t<\/div>\n\t\t\t\t\t\t<\/div>\n\t\t\t\t<\/div>\n\t\t\t\t\t\t<\/div>\n\t\t\t\t\t<\/div>\n\t\t<\/div>\n\t\t\t\t\t\t\t\t<\/div>\n\t\t\t\t\t<\/div>\n\t\t<\/section>\n\t\t\t\t\t\t\t\t\t<\/div>\n\t\t\t<\/div>\n\t\t\t\t\t<\/div>\n\t\t","protected":false},"excerpt":{"rendered":"<p>WILLKOMMEN Herzlich Willkommen auf der Homepage von Awida, Praxis f\u00fcr Physio- und Craniosakraltherapie Wir begr\u00fcssen Sie gerne in unseren hellen und grossz\u00fcgigen Praxisr\u00e4umen. Die Praxis befindet sich im Erdgeschoss und ist rollstuhlg\u00e4ngig. Nach Absprache und auf \u00e4rztliche Verordnung bieten wir auch Domizil-Behandlungen an (Therapie und Beratung bei Ihnen zu Hause). Wir freuen uns auf Sie!<\/p>\n","protected":false},"author":1,"featured_media":0,"parent":0,"menu_order":0,"comment_status":"closed","ping_status":"closed","template":"","meta":{"_exactmetrics_skip_tracking":false,"_exactmetrics_sitenote_active":false,"_exactmetrics_sitenote_note":"","_exactmetrics_sitenote_category":0,"footnotes":""},"class_list":["post-18","page","type-page","status-publish","hentry","post","without-featured-image"],"_links":{"self":[{"href":"https:\/\/www.awida.ch\/index.php\/wp-json\/wp\/v2\/pages\/18","targetHints":{"allow":["GET"]}}],"collection":[{"href":"https:\/\/www.awida.ch\/index.php\/wp-json\/wp\/v2\/pages"}],"about":[{"href":"https:\/\/www.awida.ch\/index.php\/wp-json\/wp\/v2\/types\/page"}],"author":[{"embeddable":true,"href":"https:\/\/www.awida.ch\/index.php\/wp-json\/wp\/v2\/users\/1"}],"replies":[{"embeddable":true,"href":"https:\/\/www.awida.ch\/index.php\/wp-json\/wp\/v2\/comments?post=18"}],"version-history":[{"count":27,"href":"https:\/\/www.awida.ch\/index.php\/wp-json\/wp\/v2\/pages\/18\/revisions"}],"predecessor-version":[{"id":1023,"href":"https:\/\/www.awida.ch\/index.php\/wp-json\/wp\/v2\/pages\/18\/revisions\/1023"}],"wp:attachment":[{"href":"https:\/\/www.awida.ch\/index.php\/wp-json\/wp\/v2\/media?parent=18"}],"curies":[{"name":"wp","href":"https:\/\/api.w.org\/{rel}","templated":true}]}}

<div data-elementor-type="wp-post" data-elementor-id="18" class="elementor elementor-18">
						<div class="elementor-inner">
				<div class="elementor-section-wrap">
									<section class="elementor-section elementor-top-section elementor-element elementor-element-2bc0bb8a elementor-section-boxed elementor-section-height-default elementor-section-height-default" data-id="2bc0bb8a" data-element_type="section">
						<div class="elementor-container elementor-column-gap-default">
							<div class="elementor-row">
					<div class="elementor-column elementor-col-100 elementor-top-column elementor-element elementor-element-71e42c3d" data-id="71e42c3d" data-element_type="column">
			<div class="elementor-column-wrap elementor-element-populated">
							<div class="elementor-widget-wrap">
						<div class="elementor-element elementor-element-1bf47d3d elementor-widget elementor-widget-text-editor" data-id="1bf47d3d" data-element_type="widget" data-widget_type="text-editor.default">
				<div class="elementor-widget-container">
								<div class="elementor-text-editor elementor-clearfix">
				<div style="text-align: center;"><h2 class="hero-large-text" style="text-align: center;">WILLKOMMEN</h2><div><div></div></div></div><p style="text-align: center;"><strong>Herzlich Willkommen auf der Homepage von Awida, Praxis für Physio- und Craniosakraltherapie</strong></p><p style="text-align: center;">Wir begrüssen Sie gerne in unseren hellen und grosszügigen Praxisräumen. Die Praxis befindet sich im Erdgeschoss und ist rollstuhlgängig. Nach Absprache und auf ärztliche Verordnung bieten wir auch Domizil-Behandlungen an (Therapie und Beratung bei Ihnen zu Hause).</p><div><p style="text-align: center;" align="justify"><strong>Wir freuen uns auf Sie!</strong></p></div>					</div>
						</div>
				</div>
						</div>
					</div>
		</div>
								</div>
					</div>
		</section>
									</div>
			</div>
					</div>

<p>WILLKOMMEN Herzlich Willkommen auf der Homepage von Awida, Praxis für Physio- und Craniosakraltherapie Wir begrüssen Sie gerne in unseren hellen und grosszügigen Praxisräumen. Die Praxis befindet sich im Erdgeschoss und ist rollstuhlgängig. Nach Absprache und auf ärztliche Verordnung bieten wir auch Domizil-Behandlungen an (Therapie und Beratung bei Ihnen zu Hause). Wir freuen uns auf Sie!</p>
